iple of 9?
True
Let p(o) = -13*o**2 - 4*o + 5. Let k be p(1). Is k/(-5)*(-640)/(-12) a multiple of 16?
True
Suppose 56 = m - 5*m - 4*b, -5*b = -3*m - 66. Let a = m - -59. Does 14 divide a + 1/4*0?
True
Let j = 509 - 380. Is 3 a factor of j?
True
Suppose -p + 34 - 2 = 0. Let u = 94 - p. Does 8 divide u?
False
Let b be 1273/8 - (-3)/(-24). Suppose -5*h = -336 - b. Is h a multiple of 9?
True
Let a be 2 + -1 - (84 + 2). Let u = -9 - a. Suppose 2*x = -3*x + 4*v + 338, -x = -5*v - u. Is x a multiple of 22?
True
Is (-3)/(9/(-5))*(115 + -88) a multiple of 15?
True
Suppose 1 = -c, -152 - 24 = -o + 3*c. Suppose 4*u = v + o, -2*v = 2*u + v - 69. Suppose 4*d - l - 32 = 0, 5*d - u = -3*l + 15. Is 2 a factor of d?
False
Let h be 2 + 26 - (-12)/(-4). Let z be (h/(-10))/(4/(-104)). Suppose 3*g - 55 = z. Is g a multiple of 19?
False
Let d = -9 + 12. Is 12 a factor of d/(2*4/32)?
True
Suppose 0 = -0*v - 5*v + 10. Suppose -302 = -v*s - 24. Does 26 divide s?
False
Suppose 0*d - d = 4*r - 98, 3*d - 78 = -3*r. Does 7 divide r?
False
Suppose 10*p + 65 - 405 = 0. Does 13 divide p + -1 + (-4 - -3)?
False
Suppose 0 = -2*h - 2*h + 20. Suppose -r + 15 = h*m - 52, 22 = r - 4*m. Does 6 divide r?
True
Suppose -45*t + 5664 = -42*t. Does 16 divide t?
True
Let s(r) = 42*r - 222. Is 12 a factor of s(17)?
True
Suppose 1182 = 13*o - 12806. Is 25 a factor of o?
False
Suppose -3*f = 3*p - 228, -2*f = -10*p + 9*p - 167. Is 10 a factor of f?
False
Let i(w) = w**3 - 5*w**2 + 3*w + 3. Let r be i(5). Does 15 divide (-3 + (-18)/4)/((-3)/r)?
True
Let i = 997 - 19. Does 32 divide i?
False
Suppose -1535 = -58*t + 4381. Is 34 a factor of t?
True
Let h = 16 - 30. Let c = h - -17. Is 12 a factor of (c/6)/(5/240)?
True
Let l = 1826 - 26. Is l a multiple of 24?
True
Suppose 5*g - 2*v - 7916 = 0, -14*v = -15*v + 2. Does 16 divide g?
True
Suppose 313 = 3*k - 221. Let z = -124 + k. Let p = z + -14. Is 10 a factor of p?
True
Let z = 5 + 120. Does 45 divide z?
False
Suppose k = -0*k - 75. Let v(d) = 33*d + 12. Let m be v(-2). Let q = m - k. Is q a multiple of 5?
False
Suppose 126 = 17*w - 16*w. Suppose -2*x + 139 = -5*p, 7*p - 2*p + 201 = 3*x. Let b = w - x. Is 26 a factor of b?
False
Suppose 5*m - 410 = -5*c + 650, 5*m - c - 1036 = 0. Suppose -m + 64 = -6*b. Does 12 divide b?
True
Let x be 90/21 - 4/14. Let r be ((-40)/(-6))/(4/24). Suppose -x*n = -24 - r. Does 8 divide n?
True
Let l = 572 + 659. Does 16 divide l?
False
Suppose 2*s - 56 = 4*s. Let z = s + 23. Let t(d) = d**2 + 9. Is t(z) a multiple of 17?
True
Let x(p) = 2*p**2 + 18*p - 4. Let m be x(-10). Suppose q - 4 - m = 0. Is q a multiple of 3?
False
Suppose -5 = 8*y - 9*y. Let r(s) = s**2 + 4*s - 3. Is r(y) a multiple of 4?
False
Let j be 0 + (-620)/(4 - 2). Let f = 61 - 66. Is 19 a factor of ((-2)/f)/((-2)/j)?
False
Suppose f + 4*p + 3 = 0, -2*f = f + 5*p - 26. Does 12 divide f + 8/(-4) + -3?
True
Suppose 0 = -2*l + 2*i - 554, -4*l + 2*i - 1118 = -0*i. Is (4 + -3)/((-6)/l) a multiple of 13?
False
Let x(p) = -p**3 - p**2 + 9*p. Let m be x(-4). Suppose -m = u - 61. Is u a multiple of 19?
False
Let t = 1190 + -689. Does 67 divide t?
False
Let f(y) = -10*y**3 + 2*y**2 + 9*y + 16. Is f(-2) a multiple of 4?
False
Let i be (4/((-24)/111))/(2/4). Let s = -13 - i. Does 24 divide s?
True
Let o(d) = 81*d**2 - 6*d + 12. Let a(q) = 20*q**2 - 2*q + 3. Let s(v) = 9*a(v) - 2*o(v). Is 20 a factor of s(-4)?
False
Let x = 463 + -373. Is x a multiple of 30?
True
Let d be (1 - 0)/1*4. Suppose d*j + 99 - 407 = 0. Is j a multiple of 17?
False
Suppose 6*h - 1109 - 745 = 0. Is 6 a factor of h?
False
Suppose x - 695 - 709 = 3*k, -5*x - 4*k = -6944. Is x a multiple of 8?
True
Suppose 0*u = -5*u + 130. Suppose -32*m = -27*m - 25. Suppose -m*h + u + 9 = 0. Does 7 divide h?
True
Does 57 divide 5 + -4 + 464 + 7?
False
Let a = 25 + 30. Let i = -35 + a. Suppose 7*x = 3*x + i. Does 4 divide x?
False
Let m(w) = -w**3 + 13*w**2 - 14*w + 9. Let l be m(11). Let d = 142 - l. Is 9 a factor of d?
True
Let n(y) = -5*y - 6. Let r be n(-3). Suppose l + r = 2*m, m + 8 = -5*l - 4. Suppose 0 = -m*k + 30 + 84. Is k a multiple of 7?
False
Suppose 4*z - 4*w - 812 = 0, -w - 4*w = -4*z + 814. Does 5 divide z?
False
Let c = 32 + -27. Suppose d = 4*x - 113, -d - 150 = -c*x + 2*d. Let o = 2 + x. Is o a multiple of 29?
True
Suppose 0 = -2*c - 3*h - 2, -4*c + 2*c + h + 6 = 0. Suppose -5*p = -p + 3*j, -c*j = 0. Suppose 2*f = -p + 26. Does 6 divide f?
False
Let o(k) = k**2 + 11*k - 5. Is 7 a factor of o(4)?
False
Let n(x) = -385*x**3 + 4*x**2 - 5*x - 12. Is 30 a factor of n(-2)?
False
Let c = -33 + 37. Suppose -4*l - 2*p = -16, 3*p + 22 = l + c. Is l a multiple of 4?
False
Suppose 0 = a + q + 20, 0 = -a + 2*q + 3*q + 10. Let s be (15/10)/((-1)/(-20)*-3). Let v = s - a. Is 2 a factor of v?
False
Let p(s) = 11*s**2 + 2*s + 12. Let h be p(6). Suppose -3*d = -8*d + h. Is 21 a factor of 5316/d - (-4)/(-14)?
True
Let j = 1912 - 1157. Does 22 divide j?
False
Suppose -4*v + 5*q + 6 = 0, 4 = -q + 3*q. Suppose v*f + 2*c - 5 = 5, 4*c - 20 = -4*f. Suppose -3*w - 4*a + 17 = -0*a, w - 3*a - 23 = f. Does 11 divide w?
True
Let y = 2025 - 1438. Does 33 divide y?
False
Let x be (-30)/7*(17 - 24). Let z = -12 - 6. Let u = z + x. Does 12 divide u?
True
Let c(j) be the first derivative of -4 + 2/3*j**3 - 4*j - 1/2*j**2. Does 6 divide c(4)?
True
Let k(j) = 47*j**3 + 2*j**2 - j. Let f be k(1). Suppose -a + 5*y + 24 = y, 0 = -2*a - 2*y + f. Is a a multiple of 8?
True
Suppose -2*f = -2*q + 74, 0 = -2*f + 4*f + 6. Suppose -5*z - 9 = -q. Suppose 4*k + 241 = 3*p, z*p + k - 307 = 64. Is 14 a factor of p?
False
Suppose -4*s + 4*n = -156, 5*s = -n + 232 - 19. Is s a multiple of 9?
False
Let g = -1546 + 2280. Is 3 a factor of g?
False
Suppose -4*r + 8 + 0 = 0. Suppose 0 = r*t - 6*t + 408. Is 17 a factor of t?
True
Suppose 4*d = z - 381, 4*z + 0*z - 1507 = -d. Is z a multiple of 36?
False
Suppose -y - 4 = 3*m, -2*m = -5*m + y - 8. Let b(r) = 12*r**2 - r + 2. Is 13 a factor of b(m)?
True
Let i(q) = -478*q + 67. Does 16 divide i(-2)?
False
Let b(c) = 25*c - 22. Suppose 3*k + 2*r - 21 = 0, -6*r = 2*k - 2*r - 22. Is 24 a factor of b(k)?
False
Let v(w) = -w**2 - w + 12. Let j be v(5). Is ((-64)/(-12))/((-4)/j) a multiple of 7?
False
Suppose 124*p - 96*p = 4984. Is 30 a factor of p?
False
Let n be (-3)/9 - ((-75)/9 - -4). Suppose z - 133 = -2*y, 0*y = -n*y - 4*z + 256. Is 29 a factor of y?
False
Suppose 2*k + 2*w - 18 = 0, -21 - 12 = -4*k - 3*w. Does 23 divide 692/k - 8/24?
True
Let q be (-51)/34 + (-5)/(-2). Let b be -3*(2 + (-7)/3). Does 9 divide b/(0 + q/19)?
False
Let q(p) = -p**3 - p**2 + p + 813. Does 23 divide q(0)?
False
Let v = 56 - 55. Does 14 divide v/4 + -1 + 354/24?
True
Let h(x) = x - 3. Let z be h(-7). Let y = z - -14. Suppose -y*p = -67 - 53. Does 15 divide p?
True
Let p = 100 - 56. Is 11 a factor of p?
True
Let n(r) = 24*r**2 - r + 5. Is n(6) a multiple of 45?
False
Let g(w) be the third derivative of w**5/120 + 5*w**4/24 - w**3/3 + 5*w**2. Let l(n) be the first derivative of g(n). Is l(7) a multiple of 6?
True
Suppose 2970 = 3*g + 3*v, 9*g - 7*g - 4*v - 1992 = 0. Does 31 divide g?
True
Suppose -2*z + z - 21 = 0. Does 18 divide (20 + z)*(-96 + -1)?
False
Let g be 86/5 + (-24)/(-30). Does 12 divide 1/((-24)/(-224)*7/g)?
True
Suppose -6*n - 2547 = -4*q - n, 2567 = 4*q - n. Is 54 a factor of q?
False
Suppose -3*s = -j + 21 + 31, 5*j + 28 = -3*s. Let t be (-153)/(-5) + s/(-40). Suppose t = k - 11. Is 21 a factor of k?
True
Let p be 2*(-3)/3 - -219. Suppose -5*j + p = -2*h, 7*h - 4*h = 2*j - 78. Is j a multiple of 15?
True
Suppose -6*n + 6 = -18. Suppose 0 = -n*f + 201 + 19. Is f a multiple of 11?
True
Let v = -8 + 17. Suppose -4*t - 86 - 163 = 3*c, 0 = -3*c - v. Let b = t - -88. Is b a multiple of 9?
False
Let p(w) be the first derivative of w**6/120 - w**5/60 - 2*w**3/3 + 3*w**2 + 5. Let f(s) be the second derivative of p(s). Is 7 a factor of f(3)?
True
Let p = -77 + 407. Does 6 divide p?
True
Let h be -7*(2 - 3 - 0). Suppose 158 = -h*o - 87. Is o/(-14)*72/10 a multiple of 18?
True
Let y(r) = 51*r**2 - 79*r + 440. Does 53 divide y(6)?
True
Let w(x) = -x**2 + x + 2. Let q be w(0). Let u(l) = 6 + l + 5*l + 2*l**q + 13*l - 24. Does 36 divide u(-14)?
True
Let j(y) = 34*y**3 + 2*y**2 - 7*y + 4. Does 78 divide j(4)?
True
Sup